{"id":166,"date":"2018-08-14T16:27:22","date_gmt":"2018-08-14T16:27:22","guid":{"rendered":"https:\/\/dichvu.mauwebwp.com\/dichvu026\/?page_id=166"},"modified":"2018-08-15T01:56:59","modified_gmt":"2018-08-15T01:56:59","slug":"faqs","status":"publish","type":"page","link":"https:\/\/dichvu.mauwebwp.com\/dichvu026\/faqs\/","title":{"rendered":"FAQS"},"content":{"rendered":"  <div id=\"page-header-458583625\" class=\"page-header-wrapper\">\n  <div class=\"page-title dark featured-title\">\n\n    \n    <div class=\"page-title-inner container align-center flex-row medium-flex-wrap\" >\n              <div class=\"title-wrapper flex-col text-left medium-text-center\">\n          <h1 class=\"entry-title mb-0\">\n            FAQS          <\/h1>\n        <\/div>\n                    <div class=\"title-content flex-col flex-right text-right medium-text-center\">\n        <div class=\"title-breadcrumbs pb-half pt-half\"><\/div>      <\/div>\n    <\/div>\n\n       <\/div>\n    <\/div>\n  \n\t<section class=\"section\" id=\"section_1461263430\">\n\t\t<div class=\"bg section-bg fill bg-fill  bg-loaded\" >\n\n\t\t\t\n\t\t\t\n\t\t\t\n\n\t\t<\/div>\n\n\t\t<div class=\"section-content relative\">\n\t\t\t\n<div class=\"row\"  id=\"row-1185075750\">\n\n\t<div id=\"col-1443538382\" class=\"col small-12 large-12\"  >\n\t\t\t\t<div class=\"col-inner\"  >\n\t\t\t\n\t\t\t\n<div class=\"accordion\" rel=\"\">\n<div class=\"accordion-item\"><a href=\"#\" class=\"accordion-title plain\"><button class=\"toggle\"><i class=\"icon-angle-down\"><\/i><\/button><span>L\u00e0m c\u00e1ch n\u00e0o Doanh nghi\u1ec7p t\u00f4i bi\u1ebft Izi Thu\u1ebf l\u00e0m vi\u1ec7c minh b\u1ea1ch?<\/span><\/a><div class=\"accordion-inner\">\n<p>Izi Thu\u1ebf ch\u00fang t\u00f4i trong qu\u00e1 tr\u00ecnh l\u00e0m vi\u1ec7c v\u1edbi doanh nghi\u1ec7p c\u1ee7a b\u1ea1n s\u1ebd \u0111\u01b0\u1ee3c th\u1ef1c hi\u1ec7n v\u00e0 gi\u00e1m s\u00e1t tu\u00e2n th\u1ee7 theo h\u1ee3p \u0111\u1ed3ng. Ngo\u00e0i ra nh\u00e2n vi\u00ean \u0111\u01b0\u1ee3c c\u1eed h\u1ed7 tr\u1ee3 s\u1ebd \u0111\u01b0\u1ee3c gi\u00e1m s\u00e1t b\u1edfi b\u00ean qu\u00fd Doanh nghi\u1ec7p v\u00e0 Izi Thu\u1ebf n\u00ean cam k\u1ebft m\u1ecdi ho\u1ea1t \u0111\u1ed9ng c\u1ee7a ch\u00fang t\u00f4i \u0111\u1ec1u minh b\u1ea1ch.<\/p>\n<\/div><\/div>\n<div class=\"accordion-item\"><a href=\"#\" class=\"accordion-title plain\"><button class=\"toggle\"><i class=\"icon-angle-down\"><\/i><\/button><span>B\u00ean Izi Thu\u1ebf c\u00f3 nh\u1eadn \u0110\u00e0o t\u1ea1o nghi\u1ec7p v\u1ee5 k\u1ebf to\u00e1n kh\u00f4ng?<\/span><\/a><div class=\"accordion-inner\">\n<p>Izi Thu\u1ebf \u0111\u01b0\u1ee3c th\u00e0nh l\u1eadp v\u1edbi m\u1ee5c \u0111\u00edch h\u1ed7 tr\u1ee3 Doanh nghi\u1ec7p v\u1ec1 c\u00e1c nghi\u1ec7p v\u1ee5 v\u1ec1 Thu\u1ebf, k\u1ebf to\u00e1n, ki\u1ec3m to\u00e1n. Do \u0111\u00f3 ch\u00fang t\u00f4i s\u1ebd t\u1ea1o \u0111i\u1ec1u ki\u1ec7n t\u1ed1t nh\u1ea5t c\u00f3 th\u1ec3 \u0111\u1ec3 h\u1ed7 tr\u1ee3 \u0111\u00e0o t\u1ea1o, hu\u1ea5n luy\u1ec7n v\u00e0 t\u01b0 v\u1ea5n c\u00e1c nghi\u1ec7p v\u1ee5 v\u1ec1 k\u1ebf to\u00e1n cho nh\u00e2n vi\u00ean c\u1ee7a Doanh nghi\u1ec7p.<\/p>\n<\/div><\/div>\n<div class=\"accordion-item\"><a href=\"#\" class=\"accordion-title plain\"><button class=\"toggle\"><i class=\"icon-angle-down\"><\/i><\/button><span>Nh\u00e2n vi\u00ean h\u1ed7 tr\u1ee3 c\u1ee7a Izi s\u1ebd l\u00e0m vi\u1ec7c \u1edf \u0111\u00e2u?<\/span><\/a><div class=\"accordion-inner\">\n<p>\u0110\u1ec3 gi\u00fap t\u1ea1o s\u1ef1 thu\u1eadn l\u1ee3i cho doanh nghi\u1ec7p th\u00ec trong th\u1eddi gian h\u1ee3p \u0111\u1ed3ng \u0111\u00e3 th\u1ecfa thu\u1eadn v\u1edbi \u0111\u00f4i b\u00ean. Nh\u00e2n vi\u00ean h\u1ed7 tr\u1ee3 c\u1ee7a Izi s\u1ebd \u0111\u01b0\u1ee3c \u0111i\u1ec1u qua t\u1ea1i Doanh nghi\u1ec7p \u0111\u1ec3 l\u00e0m vi\u1ec7c c\u0169ng nh\u01b0 \u0111\u1ec3 gi\u00fap nh\u00e2n vi\u00ean d\u1ec5 d\u00e0ng x\u1eed l\u00ed nhanh ch\u00f3ng c\u00e1c nghi\u1ec7p v\u1ee5 ph\u1ee9c t\u1ea1p c\u1ee7a b\u00ean Doanh nghi\u1ec7p.<\/p>\n<\/div><\/div>\n<div class=\"accordion-item\"><a href=\"#\" class=\"accordion-title plain\"><button class=\"toggle\"><i class=\"icon-angle-down\"><\/i><\/button><span>Th\u1eddi gian Izi Thu\u1ebf h\u1ed7 tr\u1ee3 ch\u00fang t\u00f4i trong bao l\u00e2u?<\/span><\/a><div class=\"accordion-inner\">\n<p>\u0110\u1ec3 h\u1ed7 tr\u1ee3 t\u1ed1t nh\u1ea5t cho Doanh nghi\u1ec7p nh\u1ea5t l\u00e0 \u0111\u1ed1i v\u1edbi c\u00e1c Doanh nghi\u1ec7p m\u1edbi th\u00e0nh l\u1eadp. Izi ch\u00fang t\u00f4i s\u1ebd ti\u1ebfn h\u00e0nh h\u1ed7 tr\u1ee3 h\u1ee3p t\u00e1c theo 3 giai \u0111o\u1ea1n. V\u00e0 m\u1ed7i giai \u0111o\u1ea1n s\u1ebd \u0111\u01b0\u1ee3c k\u00ed h\u1ee3p \u0111\u1ed3ng trong 3 th\u00e1ng. Trong \u0111\u00f3 v\u1edbi m\u1ed7i giai \u0111o\u1ea1n th\u00ec nh\u00e2n vi\u00ean s\u1ebd h\u1ed7 tr\u1ee3 t\u01b0 v\u1ea5n, h\u01b0\u1edbng d\u1eabn nghi\u1ec7p v\u1ee5 cho nh\u00e2n vi\u00ean \u0111\u1ebfn khi hi\u1ec3u t\u00ednh ch\u1ea5t c\u00f4ng vi\u1ec7c.<\/p>\n<\/div><\/div>\n<div class=\"accordion-item\"><a href=\"#\" class=\"accordion-title plain\"><button class=\"toggle\"><i class=\"icon-angle-down\"><\/i><\/button><span>C\u00e1c th\u00f4ng tin c\u1ee7a c\u00f4ng ty ch\u00fang t\u00f4i v\u1eabn b\u1ea3o m\u1eadt ch\u1ee9?<\/span><\/a><div class=\"accordion-inner\">\n<p>Tr\u01b0\u1edbc m\u1ed7i nghi\u1ec7p v\u1ee5 v\u1edbi Izi Thu\u1ebf \u0111\u1ec1u c\u00f3 h\u1ee3p \u0111\u1ed3ng k\u00ed k\u1ebft r\u00f5 r\u00e0ng. N\u1ebfu th\u00f4ng tin v\u1ec1 b\u1ea5t k\u00ec \u0111i\u1ec1u g\u00ec v\u1ec1 thu\u1ebf, k\u1ebf to\u00e1n x\u00e1c \u0111\u1ecbnh b\u1ecb ti\u1ebft l\u1ed9 t\u1eeb ph\u00eda Izi Thu\u1ebf. Ch\u00fang t\u00f4i s\u1eb5n s\u00e0ng tu\u00e2n th\u1ee7 theo quy \u0111\u1ecbnh h\u1ee3p \u0111\u1ed3ng v\u00e0 ch\u1ecbu tr\u00e1ch nhi\u1ec7m truy c\u1ee9u tr\u01b0\u1edbc Ph\u00e1p lu\u1eadt Nh\u00e0 N\u01b0\u1edbc.<\/p>\n<\/div><\/div>\n<\/div>\n\t\t<\/div>\n\t\t\t\t\t<\/div>\n\n\t\n\n\t<div id=\"col-648777754\" class=\"col small-12 large-12\"  >\n\t\t\t\t<div class=\"col-inner\"  >\n\t\t\t\n\t\t\t\n<h3 class=\"tieu-de-home\" style=\"text-align: center;\">G\u1eecI C\u00c2U H\u1eceI CHO CH\u00daNG T\u00d4I<\/h3>\n<div role=\"form\" class=\"wpcf7\" id=\"wpcf7-f152-o1\" lang=\"vi\" dir=\"ltr\">\n<div class=\"screen-reader-response\"><p role=\"status\" aria-live=\"polite\" aria-atomic=\"true\"><\/p> <ul><\/ul><\/div>\n<form action=\"\/dichvu026\/wp-json\/wp\/v2\/pages\/166#wpcf7-f152-o1\" method=\"post\" class=\"wpcf7-form init\" novalidate=\"novalidate\" data-status=\"init\">\n<div style=\"display: none;\">\n<input type=\"hidden\" name=\"_wpcf7\" value=\"152\" \/>\n<input type=\"hidden\" name=\"_wpcf7_version\" value=\"5.5.1\" \/>\n<input type=\"hidden\" name=\"_wpcf7_locale\" value=\"vi\" \/>\n<input type=\"hidden\" name=\"_wpcf7_unit_tag\" value=\"wpcf7-f152-o1\" \/>\n<input type=\"hidden\" name=\"_wpcf7_container_post\" value=\"0\" \/>\n<input type=\"hidden\" name=\"_wpcf7_posted_data_hash\" value=\"\" \/>\n<\/div>\n<div class=\"row form-lien-he\">\n<div class=\"large-6\">\n<label> T\u00ean c\u1ee7a b\u1ea1n: *<br \/>\n    <span class=\"wpcf7-form-control-wrap your-name\"><input type=\"text\" name=\"your-name\" value=\"\" size=\"40\" class=\"wpcf7-form-control wpcf7-text wpcf7-validates-as-required\" aria-required=\"true\" aria-invalid=\"false\" \/><\/span> <\/label><br \/>\n<label> \u0110\u1ecba ch\u1ec9 Email: *<br \/>\n    <span class=\"wpcf7-form-control-wrap your-email\"><input type=\"email\" name=\"your-email\" value=\"\" size=\"40\" class=\"wpcf7-form-control wpcf7-text wpcf7-email wpcf7-validates-as-required wpcf7-validates-as-email\" aria-required=\"true\" aria-invalid=\"false\" \/><\/span> <\/label>\n<\/div>\n<div class=\"large-6\">\n<label> S\u1ed1 \u0111i\u1ec7n tho\u1ea1i: *<br \/>\n    <span class=\"wpcf7-form-control-wrap your-phone\"><input type=\"tel\" name=\"your-phone\" value=\"\" size=\"40\" class=\"wpcf7-form-control wpcf7-text wpcf7-tel wpcf7-validates-as-required wpcf7-validates-as-tel\" aria-required=\"true\" aria-invalid=\"false\" \/><\/span> <\/label><br \/>\n<label> D\u1ecbch v\u1ee5 c\u1ea7n t\u01b0 v\u1ea5n<br \/>\n    <span class=\"wpcf7-form-control-wrap dich-vu\"><select name=\"dich-vu\" class=\"wpcf7-form-control wpcf7-select\" aria-invalid=\"false\"><option value=\"Lu\u1eadt v\u00e0 tu\u00e2n th\u1ee7\">Lu\u1eadt v\u00e0 tu\u00e2n th\u1ee7<\/option><option value=\"Qu\u1ea3n l\u00fd nh\u00e2n s\u1ef1\">Qu\u1ea3n l\u00fd nh\u00e2n s\u1ef1<\/option><option value=\"K\u1ebf to\u00e1n - ki\u1ec3m to\u00e1n thu\u1ebf\">K\u1ebf to\u00e1n - ki\u1ec3m to\u00e1n thu\u1ebf<\/option><\/select><\/span><br \/>\n<\/label>\n<\/div>\n<div class=\"large-12\">\n<label> Tin nh\u1eafn<br \/>\n    <span class=\"wpcf7-form-control-wrap your-message\"><textarea name=\"your-message\" cols=\"40\" rows=\"10\" class=\"wpcf7-form-control wpcf7-textarea\" aria-invalid=\"false\"><\/textarea><\/span> <\/label>\n<\/div>\n<div class=\"large-12\">\n<input type=\"submit\" value=\"G\u1eedi \u0111i\" class=\"wpcf7-form-control has-spinner wpcf7-submit\" \/>\n<\/div>\n<\/div>\n<div class=\"wpcf7-response-output\" aria-hidden=\"true\"><\/div><\/form><\/div>\n\t\t<\/div>\n\t\t\t\t\t<\/div>\n\n\t\n<\/div>\n\t\t<\/div>\n\n\t\t\n<style>\n#section_1461263430 {\n  padding-top: 30px;\n  padding-bottom: 30px;\n}\n<\/style>\n\t<\/section>\n\t\n","protected":false},"excerpt":{"rendered":"","protected":false},"author":1,"featured_media":0,"parent":0,"menu_order":0,"comment_status":"closed","ping_status":"closed","template":"page-blank.php","meta":[],"_links":{"self":[{"href":"https:\/\/dichvu.mauwebwp.com\/dichvu026\/wp-json\/wp\/v2\/pages\/166"}],"collection":[{"href":"https:\/\/dichvu.mauwebwp.com\/dichvu026\/wp-json\/wp\/v2\/pages"}],"about":[{"href":"https:\/\/dichvu.mauwebwp.com\/dichvu026\/wp-json\/wp\/v2\/types\/page"}],"author":[{"embeddable":true,"href":"https:\/\/dichvu.mauwebwp.com\/dichvu026\/wp-json\/wp\/v2\/users\/1"}],"replies":[{"embeddable":true,"href":"https:\/\/dichvu.mauwebwp.com\/dichvu026\/wp-json\/wp\/v2\/comments?post=166"}],"version-history":[{"count":3,"href":"https:\/\/dichvu.mauwebwp.com\/dichvu026\/wp-json\/wp\/v2\/pages\/166\/revisions"}],"predecessor-version":[{"id":194,"href":"https:\/\/dichvu.mauwebwp.com\/dichvu026\/wp-json\/wp\/v2\/pages\/166\/revisions\/194"}],"wp:attachment":[{"href":"https:\/\/dichvu.mauwebwp.com\/dichvu026\/wp-json\/wp\/v2\/media?parent=166"}],"curies":[{"name":"wp","href":"https:\/\/api.w.org\/{rel}","templated":true}]}}