{"id":227,"date":"2017-09-03T02:54:37","date_gmt":"2017-09-03T02:54:37","guid":{"rendered":"https:\/\/dichvu.mauwebwp.com\/dichvu027\/?page_id=227"},"modified":"2017-09-03T02:55:00","modified_gmt":"2017-09-03T02:55:00","slug":"chinh-sach-bao-mat-thong-tin","status":"publish","type":"page","link":"https:\/\/dichvu.mauwebwp.com\/dichvu027\/chinh-sach-bao-mat-thong-tin\/","title":{"rendered":"Ch\u00ednh s\u00e1ch b\u1ea3o m\u1eadt th\u00f4ng tin"},"content":{"rendered":"<p>Ch\u00ednh s\u00e1ch b\u1ea3o m\u1eadt th\u00f4ng tin<\/p>\n","protected":false},"excerpt":{"rendered":"<p>Ch\u00ednh s\u00e1ch b\u1ea3o m\u1eadt th\u00f4ng tin<\/p>\n","protected":false},"author":1,"featured_media":0,"parent":0,"menu_order":0,"comment_status":"closed","ping_status":"closed","template":"page-right-sidebar.php","meta":[],"_links":{"self":[{"href":"https:\/\/dichvu.mauwebwp.com\/dichvu027\/wp-json\/wp\/v2\/pages\/227"}],"collection":[{"href":"https:\/\/dichvu.mauwebwp.com\/dichvu027\/wp-json\/wp\/v2\/pages"}],"about":[{"href":"https:\/\/dichvu.mauwebwp.com\/dichvu027\/wp-json\/wp\/v2\/types\/page"}],"author":[{"embeddable":true,"href":"https:\/\/dichvu.mauwebwp.com\/dichvu027\/wp-json\/wp\/v2\/users\/1"}],"replies":[{"embeddable":true,"href":"https:\/\/dichvu.mauwebwp.com\/dichvu027\/wp-json\/wp\/v2\/comments?post=227"}],"version-history":[{"count":1,"href":"https:\/\/dichvu.mauwebwp.com\/dichvu027\/wp-json\/wp\/v2\/pages\/227\/revisions"}],"predecessor-version":[{"id":228,"href":"https:\/\/dichvu.mauwebwp.com\/dichvu027\/wp-json\/wp\/v2\/pages\/227\/revisions\/228"}],"wp:attachment":[{"href":"https:\/\/dichvu.mauwebwp.com\/dichvu027\/wp-json\/wp\/v2\/media?parent=227"}],"curies":[{"name":"wp","href":"https:\/\/api.w.org\/{rel}","templated":true}]}}